factors of f?
2, 11
Let w = 11 - 7. Suppose -1 = 2*a - 3. Suppose 0*z + a = -z, w*h + 3*z = 25. List the prime factors of h.
7
Let b = 51 - -30. Suppose -5*t + 5*q - 2*q + b = 0, q + 32 = 2*t. What are the prime factors of t?
3, 5
Suppose -n + 5*x - 2 = 0, 4*x + 10 = -2*n - 3*n. Let d be (n/(-4))/((-3)/(-90)). Suppose 3*b - 3*u - d = -2*u, -4*b + 5*u = -20. List the prime factors of b.
5
Let b be 4*2/4 - 4. Let t be ((-2)/4)/(b/8). Suppose -3 = -t*g - 3*k - 2*k, -k + 11 = 3*g. What are the prime factors of g?
2
Suppose 6*h = 4*i + h + 46, 0 = h - 2. List the prime factors of (-84)/i + (-2)/6.
3
Let j = 4 + -5. Let n be j/(-2*2/16). Suppose -3*k + 18 = 2*s + s, -n*s + 12 = k. What are the prime factors of s?
2
Suppose 3*y - 78 - 9 = 0. List the prime factors of y.
29
Suppose 16*p - 17*p = -12. What are the prime factors of p?
2, 3
Suppose 6 = -2*r, m - 3*m - r - 5 = 0. Let u be 11 + m + 1 + 1. List the prime factors of 9/u*(9 - 1).
2, 3
Suppose -2*h + 2*q = 2*h + 10, -5*h = -q + 8. Let c be 108/(-10) - h/(-5). List the prime factors of (-20)/(-11) + (-2)/c.
2
Let g = -3 + 13. Let b = g + -4. List the prime factors of b.
2, 3
Let h be (-3 + 2)/(3/(-6)). Suppose h*z = k - 12, k + 5*z = 4*k - 31. Suppose -4*f + 8 = -k*f. List the prime factors of f.
2
Let j = 77 + -31. Let p = 66 + j. Suppose 36 - p = -4*y - 3*s, s - 20 = -y. List the prime factors of y.
2
Let u = -4 - -3. Suppose -5*y - 13 = -3*o, 5*y = -2*o - 0*o + 42. Let q = o + u. What are the prime factors of q?
2, 5
What are the prime factors of (-4528)/(-28) - -4 - 4/(-14)?
2, 83
Let x(o) = 2*o**2 - 5*o + 11. List the prime factors of x(5).
2, 3
Let z = 21 + -31. Let r(n) = -2*n - 2. List the prime factors of r(z).
2, 3
Let b(x) = x**3 - 10*x**2 - 24*x + 10. What are the prime factors of b(12)?
2, 5
Suppose -2*y + 8 = 4*q, -5*y + q = 5*q - 8. Suppose y = -2*m + 5*m. Suppose m = 4*l + 4*n - 24, -n - 46 = -5*l + 2*n. List the prime factors of l.
2
Let n(k) = -k**2 - 2*k**2 + 6 - 8*k + 4*k**2. What are the prime factors of n(8)?
2, 3
Let n = -305 + 453. What are the prime factors of n?
2, 37
List the prime factors of (-11)/(22/(-12)) + 2.
2
Suppose -5*z - t + 464 = t, 4*z - 4*t - 360 = 0. What are the prime factors of z?
2, 23
Let b = -4 - -114. List the prime factors of b.
2, 5, 11
Let b(s) = -s**3 - 3*s**2 - 3*s + 5. What are the prime factors of b(-4)?
3, 11
Let o(z) be the third derivative of -z**5/60 + z**4/6 + 4*z**3/3 - z**2. Let m be o(6). List the prime factors of 36*(m + 2)/(-4).
2, 3
Suppose 5*a = 4*x + 252, -4*x = 2*a - 75 - 9. Suppose -2*u + 0*u = -a. What are the prime factors of u?
2, 3
Suppose -4*b - x = -32, -2*b + 4*b + 3*x - 6 = 0. Suppose -b*j = -4*j - 190. What are the prime factors of j?
2, 19
Let h = 69 + -39. What are the prime factors of h?
2, 3, 5
Suppose -z + 2*z = g + 60, 4*g - 280 = -4*z. Suppose -2*c = -2*y + 4*y - 8, 5*c - 4*y = z. What are the prime factors of c?
3
Suppose 0 = 4*n - 10 - 6. Let a(z) = -z + 9 - n*z - z + 5*z. List the prime factors of a(4).
5
Suppose -10 = 5*x - 75. List the prime factors of x.
13
Let d = 75 - 53. List the prime factors of d.
2, 11
Suppose -4*j - 4*i + 60 = -0*j, 4*j - 5*i = 33. Let r(b) = 6*b**3 - 6*b - 2*b - 2*b**2 - 7*b**3 - 8*b**2 + j. What are the prime factors of r(-9)?
3
Let n(w) = -w**3 - 2*w**2 + w - 3. What are the prime factors of n(-3)?
3
Suppose -42 = -a - i - i, -3*i = a - 37. What are the prime factors of a?
2, 13
Let j(w) = -w**3 - w**2 + w - 7. Let q be j(0). Let n = q + 12. Let t = -2 + n. What are the prime factors of t?
3
Let o = 107 - 40. What are the prime factors of o?
67
Let k = -7 - 3. Let c(s) = -s**3 + 5*s**2 + s - 4. Let u be c(5). Let x = u - k. What are the prime factors of x?
11
Let k(q) = q - 1. Let i be k(3). Let s = 0 + i. Suppose s*t + 8 = a + a, -4*a + 36 = t. List the prime factors of a.
2
Let c be (5/(-2))/((-2)/4). Suppose 5*t - 39 = -3*l, c*t - 22 - 19 = -2*l. List the prime factors of t.
3
Suppose -4*c + 5*c + 81 = 0. List the prime factors of c/15*(-5 - 0).
3
Suppose 5*i + 30 - 95 = 0. Suppose -24 = -3*q + 2*q. Let o = q - i. What are the prime factors of o?
11
Suppose c = -g + 192, 3*g = 4*c + 6*g - 772. Suppose 6*b - 2*b - c = 0. What are the prime factors of b?
7
Let a = -198 + 211. List the prime factors of a.
13
Let w(g) = -6*g**3 - 2*g**2 - 1. Let q be w(-2). Let t = 64 - q. List the prime factors of t.
5
Let c be -2*(1 + (-99)/6). Suppose -4*a - 11 = -c. What are the prime factors of a?
5
Suppose -p - 2*p + 156 = 0. Suppose -3*q - 4*h + p = 0, -q = q - 3*h - 46. List the prime factors of q.
2, 5
Let z = 12 - 18. Let i = 10 + z. What are the prime factors of i?
2
Let t(d) = -3*d + 0*d + 7 + 2*d. What are the prime factors of t(0)?
7
Let v = 543 + -326. List the prime factors of v.
7, 31
Let o(x) = -x - 1. Let h be o(1). What are the prime factors of 1/h*-3*2?
3
Let k(q) = -q + 7. Let p be k(5). Suppose -p*n = 2*n - 56. What are the prime factors of n?
2, 7
Suppose 8 = -5*j - 7. Let z(x) = x**2 + 2*x - 3. Let d be z(j). Suppose -3*i = -5*h - d*i + 25, 0 = i. List the prime factors of h.
5
Let c = 0 - 5. Let a(x) = -x**3 - 4*x**2 + 6*x + 6. Let b be a(c). Let l(u) = 4*u. What are the prime factors of l(b)?
2
Suppose 36 = 2*k + 4*v, 0*v = 2*k - v - 61. List the prime factors of k.
2, 7
Let i = 4 + -10. Let x(g) = -9*g - 11 + 3 + g**3 + 5*g**2 + g. List the prime factors of x(i).
2
Let k = -5 + 9. Suppose k*a - 87 + 3 = 0. What are the prime factors of a?
3, 7
Let t(x) = 2*x**2 - 16*x - 7. What are the prime factors of t(14)?
7, 23
What are the prime factors of 355/7 - 10/(-35)?
3, 17
Suppose u + 2*u = 0. Let q(k) = k**2 + k + 6. What are the prime factors of q(u)?
2, 3
Let g = -4 + 7. Let a be 32/6 - g/9. Suppose -3*s - 16 = -a*s. What are the prime factors of s?
2
Let h(i) = -i - 1. What are the prime factors of h(-4)?
3
Let a be 3*1/(-3)*-8. Let g be (12/(-7))/((-18)/189). Let n = g - a. What are the prime factors of n?
2, 5
Let h(j) = j**3 + 17*j**2 - 3*j + 17. List the prime factors of h(-17).
2, 17
Let q(c) = -3*c + 3. Suppose 2*a + 1 + 1 = -x, -12 = 2*x + 2*a. What are the prime factors of q(x)?
3, 11
Let m = -2 + 2. Suppose -3*l + 19 = -m*o + 2*o, -o - 1 = -2*l. What are the prime factors of l?
3
Let z = 5 + -3. Suppose 0*v + 4 = -z*v. List the prime factors of -1 + 1 - (-1 + v).
3
Let g(q) = -q**3 - 10*q**2 + 8*q - 6. What are the prime factors of g(-12)?
2, 3, 31
Suppose 4*p = 125 + 99. List the prime factors of p.
2, 7
Let k(u) = 5 + 4*u**2 + 8*u - u**2 - 2*u**2. Let s be k(-5). What are the prime factors of 5/s + (-15)/(-2)?
7
Suppose 3 = -3*k, 0 = -s - 6*k + 3*k + 2. Suppose -17 = 3*b - 6*b - t, -b + 19 = 3*t. Suppose b*y - 21 + s = 0. List the prime factors of y.
2
Let h(s) = -3*s**2 - s. Let c(z) = 2*z**2. Let r(v) = -4*c(v) - 3*h(v). Let x be ((-5)/4)/(2/8). List the prime factors of r(x).
2, 5
Let i(m) = 7*m - 19. Let z be i(16). Suppose -3*h = -0*h - z. List the prime factors of h.
31
Suppose -21*q - 363 = -24*q. What are the prime factors of q?
11
Let x = -10 + 15. Suppose -4*h - 4*y + 148 = 0, -h + 21 = -0*h + x*y. List the prime factors of h.
41
Let o(g) = -50*g + 19. List the prime factors of o(-2).
7, 17
Suppose 3*s = 2*s + 42. What are the prime factors of s?
2, 3, 7
Let a = 11 + 58. Suppose 3*d - a = 69. List the prime factors of d.
2, 23
Let h(j) = -6*j - 1. Let s be h(-2). Let d = s + -17. Let w = 11 + d. List the prime factors of w.
5
Suppose -3*g + 78 = -6*g. List the prime factors of ((-1)/(-2))/((-1)/g).
13
Let r(q) = 3 + 1 - q**2 - 3. Let c be r(-2). List the prime factors of (5/3)/((-1)/c).
5
Suppose 4*d - 9*d = -610. What are the prime factors of d?
2, 61
Let x(v) = -v**2 - 19*v + 3. What are the prime factors of x(-14)?
73
Suppose -4*p = -5*x - 174, 4*p - 3*x = x + 172. List the prime factors of p.
41
Let o(n) = -n**3 + 7*n**2 - 5*n - 6. Let i be o(6). Suppose i = -c + 3 + 4. What are the prime factors of c?
7
Suppose 2*y - 6*y + 156 = -2*s, 0 = -s. Suppose -2*g + y = g. List the prime factors of g.
13
Let j be 1/(-4) - (-125)/4. Suppose 4*g - 5*k - j = 0, g + 2*k - 7 = 4*k. What are the prime factors of g?
3
List the prime factors of ((-54)/(-12))/(9/84).
2, 3, 7
Let o(q) = -8 + 9*q**2 - 2*q**2 + 0*q**2 - q**3 + 17*q - 6*q. What are the prime fa